. What are the prime factors of n(-3)?
31
Let u(k) = k + 6. Suppose 3*y + 2*y = 10. Suppose y*m = 4*m. What are the prime factors of u(m)?
2, 3
Suppose -n = -t - 4, 5*n - t = -2*t + 26. Let r be -1*n/((-5)/4). Suppose 0 = -4*j + 5*j - r. What are the prime factors of j?
2
Suppose -3 = 2*i - 5*i, -2*j + 2*i + 8 = 0. Suppose 5*a = 3*r + 35, j*r - r = -20. List the prime factors of a.
2
Let n(x) = -3*x + 14. Let p be n(6). What are the prime factors of p + -4 - -4 - -31?
3
Suppose 0 = -2*s + 5*d + 4 + 35, 0 = s + d - 37. List the prime factors of s.
2
What are the prime factors of 44/(-6)*(-45)/6?
5, 11
Let g be (-8)/(-1) + -3 - -3. Let i = -4 + 6. Suppose i*u - g = 4. List the prime factors of u.
2, 3
Let v = -5 + 4. Let r = v - 2. What are the prime factors of 5*6/((-9)/r)?
2, 5
Suppose 5*h = 2*h + 345. Suppose -f + 6*f = h. What are the prime factors of f?
23
Let u = 1 - -6. Suppose 3*p = u*p - 20. List the prime factors of p.
5
Let j(m) be the second derivative of m**4/12 + m**3/3 - 3*m**2/2 + 2*m. Let i be j(-3). Suppose -z - 4*z + 105 = i. List the prime factors of z.
3, 7
Let h = 11 - 31. What are the prime factors of 2/(-10) + (-884)/h?
2, 11
Suppose 2*b - 4*m - 25 = 17, -71 = -4*b - 5*m. What are the prime factors of b + (-1)/3*-3?
2, 5
Let p = 4 - 4. Suppose p = -2*j + 14 - 2. What are the prime factors of j?
2, 3
Let i be 62/(-8) + 3/(-12). Suppose 0 = 5*p - x + 68, -3*p = p - x + 55. Let k = i - p. What are the prime factors of k?
5
Let a(i) = 0*i**2 - 7 - 8*i - i**2 + 1. What are the prime factors of a(-5)?
3
Suppose 0 = s + 4*c - 179, -s + 178 = 4*c + c. List the prime factors of s.
3, 61
Let u = 55 - 8. What are the prime factors of u?
47
Let j = -55 + 112. Suppose -2*f + 2*s - s = -j, 2*f - 63 = 3*s. List the prime factors of f.
3
Suppose 0*q + 2 = 2*q. What are the prime factors of (2 - 3)*-12 - q?
11
Let j be (-1)/(-3) - 33/(-9). Suppose -t = -2*n - 13, t - j*n = -n + 18. List the prime factors of t.
3
Let j be 1/3 + 28/(-12). Let k(m) = -6*m. What are the prime factors of k(j)?
2, 3
Suppose -2*o = 3*o. Suppose 0 = b + 3*z - o*z - 47, -3*b + 121 = 4*z. List the prime factors of b.
5, 7
Let y(i) = i + 41. List the prime factors of y(0).
41
Suppose -l + 3*l + b = 5, 2*b - 8 = -2*l. Let p(y) = -2*y + l - 4 - 6 + 3. List the prime factors of p(-5).
2
Let z = -10 + -1. Suppose 0*b + 7 = -b. Let u = b - z. List the prime factors of u.
2
Suppose 2*s + 3*r - 77 = 0, -88 = -5*s - 3*r + 109. List the prime factors of s.
2, 5
List the prime factors of 1116/27 - 4/(-6).
2, 3, 7
Let z(l) = -l**2 - 7*l - 8. Let p be z(-7). What are the prime factors of (p/(-6))/(2/21)?
2, 7
Let g = 242 - 132. Suppose 4*m + 4*x = 14 + g, 2*m = -3*x + 67. Suppose -2*v = -m - 6. List the prime factors of v.
2
Let w = 24 - -52. Let u = -47 + w. List the prime factors of u.
29
Let z be 1/3 + (-8)/6. Let f = 6 + z. List the prime factors of f.
5
Suppose -3*t - 3*x = 2*t - 381, -5*t + 378 = 4*x. What are the prime factors of t?
2, 3, 13
Let v(p) = 2*p + 4. Let m be v(-4). Let t(n) = 5*n**2 + 5*n + 5. Let j(u) = 11*u**2 + 10*u + 11. Let h(k) = 4*j(k) - 9*t(k). What are the prime factors of h(m)?
3
Suppose 4*c + 328 = 4*o, 4*o - 4*c = 2*o + 164. What are the prime factors of o?
2, 41
Let y = 9 - 6. Suppose 9 = 3*q + y. What are the prime factors of q?
2
Suppose 4*b = -3*w + 72, -3*b = 4*w - 75 + 14. List the prime factors of b.
3, 5
Suppose 2*v = 6 + 2. List the prime factors of v.
2
Let d(j) = -2*j + 6. Let o(q) = -q + 3. Let p(h) = 2*d(h) - 5*o(h). Let t be p(9). List the prime factors of (t/15)/(1/25).
2, 5
Let v(k) = -k + 1. Let c be -2 + 0 + -1 + -1. Let h be v(c). Suppose -3*z = -2*z - h*t - 31, 4*z + 4*t = 28. List the prime factors of z.
11
Let i(u) = -20*u**2 + 32*u + 17. Let x(z) = 7*z**2 - 11*z - 6. Let q(n) = -6*i(n) - 17*x(n). What are the prime factors of q(6)?
2, 3
Suppose -4 = 4*n - 12. Suppose 0 = -4*k + x + 55, -k - x = n*k - 36. List the prime factors of k.
13
Let l be (-67)/(-5) - (-4)/(-10). Suppose 0 = 3*q - 4*c - 10, -4*c - l = -5*q + 1. Let u(v) = 6*v - 3. What are the prime factors of u(q)?
3
Let g = 17 - 10. Suppose 4*v + k = 97, -3*v + 2*k = -g*v + 102. List the prime factors of v.
23
Let j = 54 + -25. What are the prime factors of j?
29
Let r(q) = -30*q - 6. Let i be r(4). List the prime factors of (i/10)/((-9)/30).
2, 3, 7
Let j = 11 + -2. Suppose t + 2 = j. What are the prime factors of t?
7
List the prime factors of (45/(-1) - 0)*5/(-5).
3, 5
Let q be -15*(2 + 34/(-6)). Suppose -2*l + q = 3*l. Let p = l - 4. List the prime factors of p.
7
Suppose 2*k = 4*k - 74. What are the prime factors of k?
37
Suppose -4*o + 3*z = 8*z + 16, 3*z - 12 = 0. What are the prime factors of (21/o - -3)*21?
2, 7
List the prime factors of 0 + 2/1 + 33.
5, 7
Suppose -4 = o - 0, -5*f - 66 = -o. Let q = 24 + f. What are the prime factors of q?
2, 5
Let k(o) = 3*o**3 + 1. Let z be k(1). Suppose -3*b - z*g = b - 8, b = 3*g + 10. List the prime factors of b.
2
Suppose -l = s + 4*l - 68, -4*l = 5*s - 277. What are the prime factors of s?
53
Let g = 76 - -61. List the prime factors of g.
137
Suppose 0 = o - 3*o + 32. Let f = o + -11. Let c = f - 0. What are the prime factors of c?
5
Suppose -12*u = -4*u - 600. List the prime factors of u.
3, 5
Let n(i) = -i**3 - 7*i**2 - i - 9. Let w be n(-7). Let p be (2 - 1)/1 - w. Suppose 0 = k + 2*b - 1, 5*k - 23 - 47 = p*b. List the prime factors of k.
11
Let n = -10 - -12. What are the prime factors of n?
2
Let i(h) = -h + 6. Let l be i(3). Suppose 0 = 5*u + l*n - 16, -2*u - 6 = -0*u - 5*n. List the prime factors of u.
2
Suppose 4*l - 5 = -1. What are the prime factors of 105/6 + l/(-2)?
17
Let d(w) = w + 2. Let t(g) = g**2 - 3*g - 5. Let n be t(6). Let y = n - 7. List the prime factors of d(y).
2
Let p(l) = 3*l - 5. Let v be p(8). Suppose -3*j = -2*j - v. What are the prime factors of j?
19
Let j be 2 - (-1 + -2 + 6). Let c(r) = -19*r**3 - r**2 - 2*r - 1. List the prime factors of c(j).
19
Suppose 4*n + 4*t - 60 = 0, 2*t + 1 + 1 = 0. Let i = 33 - n. Let f = 28 - i. What are the prime factors of f?
11
Let p = -20 - -28. Suppose 0 = a - 3*o - 1, -5*a + o + 0*o - 9 = 0. Let s = a + p. List the prime factors of s.
2, 3
Let o(h) = h**3 - 8*h**2 + 11*h - 7. What are the prime factors of o(7)?
3, 7
Suppose -w + 72 = k, -4 + 2 = w. List the prime factors of k.
2, 37
Let w(z) = -2*z - 3. Let m be w(-3). Suppose -m*q + 21 = 6. Suppose 4*h - 15 = q. List the prime factors of h.
5
Let b = -4 + 22. List the prime factors of b.
2, 3
Let k = -54 - -365. What are the prime factors of k?
311
Suppose 0*l = -4*l - 60. Let t = l - -8. Let s(v) = -2*v - 10. What are the prime factors of s(t)?
2
Suppose n + 4 = 2*n. Suppose -11 = -m + n. What are the prime factors of m?
3, 5
Suppose -5*h + 30 = -20. List the prime factors of h.
2, 5
Let z(f) = 18*f**2 + 2*f + 1. List the prime factors of z(-1).
17
Let k = -156 + 75. Let o = -54 - k. Suppose j = 3*u + 4 - o, 5*u = -3*j + 29. What are the prime factors of u?
7
Let h = -3 - -7. Let c be (-178)/(-4) - (-1)/(-2). Suppose 4*a + h*j - 3*j = c, 22 = 2*a + 4*j. What are the prime factors of a?
11
Suppose -4*y - i = 4, 4*y + 3*i - 4 = -0. List the prime factors of (y - -1)/((-10)/20).
2
Let f = -51 + 13. Let u = f - -69. List the prime factors of u.
31
Suppose 4*t - 8 = 0, 5*w + 4*t + 69 - 217 = 0. List the prime factors of w.
2, 7
Let c(v) = v**2 - v. Let l be c(1). What are the prime factors of 21 - l - (2 + -1)?
2, 5
Let g be 3/((-3)/11) + -3. Let v = g - -28. List the prime factors of v.
2, 7
Let j be 4/(-6) + (-4)/3. Let c = j + 10. Let f = -3 + c. What are the prime factors of f?
5
Let s = 9 - -7. Suppose -5*l = -s - 159. What are the prime factors of l?
5, 7
Let c(p) = -31*p + 3. What are the prime factors of c(-1)?
2, 17
Suppose -4*d = 4*q - 8, 2*d - 4*q + 4 - 14 = 0. Suppose -55 = -2*j - d*j + 5*o, 5*j + o = 25. What are the prime factors of j?
2, 3
Let j = 15 - -23. List the prime factors of j.
2, 19
Let q be 6/(-4)*(-2)/3. Let i = 20 - q. What are the prime factors of i?
19
Suppose 0 = v - 5*v + 8. Suppose -v*r = r - 105. What are the prime factors of r?
5, 7
What are the prime factors of (1 + (-597)/(-9))*(-9)/(-6)?
101
Let r(l) = 14*l + 19. List the prime factors of r(6).
103
Let g = 5 + -3